*t**3 + 5/2*t**2. Calculate l(-5).
2
Let m(n) be the second derivative of 2/3*n**3 + 0 + n**2 - 3*n + 1/12*n**4. Give m(-4).
2
Let r(d) = 3*d + 2*d - 4*d - 3*d - 3. Let t be r(-2). Let a be ((-13)/(-39))/(t/21). Let c(z) = z - 8. Determine c(a).
-1
Let z(v) = 13*v + 25*v**2 - 14 + 27 + v**3 + v**3. Let n be z(-12). Let k(i) = 2*i**2 + i - 1. What is k(n)?
2
Let j = 67 + -72. Let y(x) be the third derivative of -1/12*x**5 - 3*x**2 - 1/6*x**3 - 1/24*x**4 + 0*x + 0 - 1/120*x**6. Calculate y(j).
4
Let n be 46/4*20/(-2 + 7). Let m(w) = n - 42 - w + w**2 + w. Determine m(0).
4
Let b be (-5 + 13)/((-5)/(30/(-4))). Let n(o) = 2*o**2 - b + 4*o + 40 - 29. Give n(3).
29
Let q(b) = 13*b**2 + 11*b + 13. Let c(d) = 7*d**2 + 6*d + 7. Let p(z) = 11*c(z) - 6*q(z). Let v(u) = 269*u + 2149. Let g be v(-8). Give p(g).
-10
Let q(n) = 7*n**2 - 5*n - 3. Let a be 4/18 + 329/(-63). Let l(o) = 6*o**2 - 5*o - 3. Let t(d) = a*q(d) + 6*l(d). Calculate t(6).
3
Let o be 0/(-1 + 0)*1. Suppose 4*f - 8 + o = 0. Let x(b) = -5*b + 2*b + b**f + b + 4 - 4*b. Calculate x(5).
-1
Let w = -128 + 120. Let f(o) = -4 - o - o - 5 + o. Determine f(w).
-1
Let v(s) = -s**2 + 31. Let x be v(-5). Let b(j) = 12*j - 21*j + 7 + 4*j**2 - 3*j**2. Calculate b(x).
-11
Let i(c) = -c + 1. Suppose 15*v = 71 - 71. Calculate i(v).
1
Let i(x) be the third derivative of 5*x**4/12 - x**3/3 - x**2 + 238. Calculate i(3).
28
Let q be (-4)/18 - 86/18. Let w(o) be the first derivative of -1/2*o**2 - o + 62. Determine w(q).
4
Let g(j) = -9*j**3 - 44*j**2 + 31*j + 21. Let f(u) = 5*u**3 + 23*u**2 - 16*u - 11. Let z(l) = 11*f(l) + 6*g(l). Calculate z(10).
5
Suppose 0*w - 3*q = -w, -q = -3*w. Let f = -1 - -3. Let j(c) = 13 + 625*c - 615*c + c**f + w. Give j(-9).
4
Suppose -5*r + 7*q = 6*q - 56, -5 = 5*q. Let z(u) = u**3 - 11*u**2 - u + 13. Give z(r).
2
Let m = 37 - 36. Let c(v) = v - 1 + 3*v - v - m. Calculate c(-5).
-17
Let p(h) be the third derivative of 0*h + 0 + 1/6*h**3 - 8*h**2 - 1/8*h**4. Determine p(5).
-14
Suppose 4*v = 68*v - 384. Let u(r) = -3*r + 1 + r**3 - 7*r**2 + 9*r + 0*r**2. What is u(v)?
1
Suppose 0 = -0*j - 7*j - 28. Let c(d) = -d**2 - 6*d + 4. Let q(g) = g**2 + 7*g - 4. Let z(m) = 3*c(m) + 2*q(m). Give z(j).
4
Let j(o) be the second derivative of -o**6/120 - 7*o**5/60 + o**4/24 - 2*o**3/3 - 11*o**2/2 - 23*o. Let p(g) be the first derivative of j(g). Give p(-7).
-11
Let i be 15 - -6*(-6)/6. Let b(p) = p**3 - 9*p**2 + 2*p - 10. Give b(i).
8
Let c(n) = -n**2 - 4*n + 4. Let l be (-306)/(-42) + (-4)/14. Let t = 9 - l. Suppose -3*b - 5 = -t*b. What is c(b)?
-1
Let a(n) = -n**3 - 5*n**2 - 3*n. Let c(u) be the third derivative of u**6/40 + u**5/6 + 7*u**4/24 + u**3/6 - 5*u**2. Let m(s) = 5*a(s) + 2*c(s). Determine m(5).
-3
Let q(l) = 3*l**3 - 16*l**2 + 17*l - 2. Let k be q(1). Suppose 10 = 5*n - 5. Let h(f) = f**k - 2 + 8*f - n - f + 4. Calculate h(-6).
-7
Let o(s) = 20*s**2 - s + 1. Suppose -z = -4*b + 3, 2*z - 4*b = 3*z - 5. What is o(z)?
20
Suppose 0 = 178*o - 185*o. Let x(y) = y**3 + y - 4. Determine x(o).
-4
Let r be 0/4 + 10 + -7. Let p(q) = q**3 - 6*q + 6. Let h(g) = -g**2 + g - 1. Let l(z) = 4*h(z) + p(z). Determine l(r).
-13
Let i(u) = -6*u + 1 - 4 - 5*u + 15*u - 3*u. Give i(3).
0
Let g = 15 + -9. Let s(c) be the first derivative of -4 + 0*c + 3*c + 5*c + c - c**2. What is s(g)?
-3
Let f(s) = -2*s**2 - 6*s. Let h(u) = -14 + 4*u - 9*u**2 + 6*u**2 + 4*u**2 - u. Let b be h(-5). Calculate f(b).
-8
Let p(o) = -o**2 + 5*o - 12. Let b(x) = -8*x + 166. Let h be b(20). Give p(h).
-18
Let t = -13 + 26. Let v(y) = 5 + 3*y**2 - 4 - t*y**2. What is v(-1)?
-9
Let g = 80 - 74. Let a(q) be the second derivative of g*q + 0 - 1/6*q**3 + 1/2*q**2. Determine a(-5).
6
Suppose 3*o = -5*q + 48, 3*o - 5*q + 69 = 7*o. Let x(k) = 87 + 96 - o*k - 182. Determine x(-1).
22
Let m(t) be the second derivative of -t**5/20 - 7*t**4/12 - 7*t**3/6 + 4*t**2 + 422*t. What is m(-7)?
57
Suppose 4*x = -m + 6, 5*m = 4*x - 3 + 9. Let o(f) = 8*f + 1 - 17*f + 0*f**m - 2*f**2 + 11*f. Give o(-2).
-11
Let k(i) = -161 + 52 + 52 + 55 - i**2 + 15*i. Let c be k(15). Let p(z) = z - 2. Give p(c).
-4
Let z(n) = 3*n + 5. Suppose -4*p - w - 13 = 0, -5*p - 15 = w - 0. Give z(p).
-1
Let t(h) = -h - 9. Let f be t(-15). Let r(i) = -5 - i - 8*i + 11*i + i**2 - 6*i. Give r(f).
7
Let b(k) = 2*k**2 + 2*k - 1. Let n(m) = 8*m - 2. Let z(s) = -4*s + 1. Let x(q) = -4*n(q) - 10*z(q). Let v be x(2). Let c = -16 + v. What is b(c)?
3
Let n(g) = 4*g - 3. Suppose 2*m = 2*y - m - 19, 44 = 2*y + 2*m. Let k = y + -29. Let f = k - -14. Determine n(f).
5
Let l(r) = -4 - 5 + 3*r**2 + 6 - r**3 - 4*r - 8*r**2. Let s be (-12 + 2)*4/10. Calculate l(s).
-3
Let g(l) be the third derivative of -l**5/60 - l**4/4 - l**3/6 - 37*l**2. Give g(-6).
-1
Suppose 2*s = 4*s - 26. Suppose -5*f + s = -7. Let y(j) = -3 - j + f - 7 + 0. Determine y(-6).
0
Let m(z) = -z**3 + 5*z**2 - 2*z - 1. Suppose 485*k + 12 = 489*k. What is m(k)?
11
Suppose 0 = -5*w + 7 + 13. Let m(o) = -o**2 + 6*o - 4. Give m(w).
4
Let s(k) be the third derivative of -1/60*k**5 - 1/3*k**4 - 4/3*k**3 + 0 + 0*k - 15*k**2. What is s(-6)?
4
Let p(u) = 23*u - 4. Let y(i) = 42*i - 9. Let x(q) = 11*p(q) - 6*y(q). What is x(-10)?
0
Let j(m) = 13*m + 0 - 11*m - 1 + 9*m**2. Let s be -2 - (-6 - -3)*1. Give j(s).
10
Let f(j) = -29*j - 25. Let v(m) = -55*m - 50. Let x(d) = 15*f(d) - 8*v(d). Determine x(-7).
-10
Suppose 14*t + 1 - 43 = 0. Let w(f) be the first derivative of -1/3*f**t - 3*f + 8 + 7/2*f**2. Determine w(6).
3
Let l(z) = -75*z**2 + 22*z - 48. Let y(i) = 41*i**2 - 11*i + 24. Let d(k) = 6*l(k) + 11*y(k). Determine d(-13).
2
Let q = -2 + 0. Let m(j) = -1 + 4*j - 1 - 3 + 2*j**2 - 9*j. Let v(c) = 2*c**2 - 6*c - 6. Let a(f) = -7*m(f) + 6*v(f). Determine a(q).
-7
Suppose 0*z + 156 = 4*z. Suppose 2*w - 39 = -z. Let v(l) = -l - 2. Determine v(w).
-2
Let s(h) = h**3 - 7*h**2 + 9*h - 8. Suppose -3*p = -5*c - 56, 3*c - 4*p + 2*p = -34. Let z be (c/(-4))/(15/36). Give s(z).
10
Let p(c) = c**2 - 3*c - 1. Let k(j) = 22*j - 6. Let m be k(1). Suppose 0 = -m*o + 15*o + 4. Give p(o).
3
Let r(f) = -13. Let y(n) = -n - 26. Let p(o) = 5*r(o) - 2*y(o). Calculate p(9).
5
Let t(k) = 8*k**3 - k**2 - k - 1. Suppose 2*w - s - 7 = 0, -7*w + 12 = -2*w + 3*s. Let b = -28 + 30. Suppose 10 = b*m, w*a - 4*m + 24 = -a. What is t(a)?
-9
Let l(c) = -25 - c - 14 + 52. Let p(n) = 7*n**3 - 1. Let d be p(1). Give l(d).
7
Let g(h) = -h**2 + 6*h - 5. Suppose -5*m + 4 = o, -2*o = 2*m - 0*m - 8. Calculate g(o).
3
Let w(o) = -o - 4. Suppose 0 = 47*r - 49*r - 8. Determine w(r).
0
Let a be (-5)/(-10) - 5/(-2). Let r(h) = h + 8. Let b(t) = -2*t - 9. Let x(o) = 4*b(o) + 5*r(o). What is x(a)?
-5
Let q = 401/2 - 200. Let t(n) be the second derivative of -1/20*n**5 + 4*n + 3/2*n**2 + q*n**3 + 0 - 1/6*n**4. Give t(-2).
-3
Let t(n) be the second derivative of n**4/24 - n**3/2 + 15*n**2/2 - 20*n. Let k(m) be the first derivative of t(m). Determine k(0).
-3
Suppose -17*g - 4 = -4. Let a(z) be the second derivative of -1/3*z**3 + 3*z + g - 2*z**2. Calculate a(-3).
2
Let s(g) = -g**3 - 6*g**2 - 7*g - 4. Let d be 141/(-27) + (-18)/(-81). Let y be s(d). Let l(c) = -3*c + 8. What is l(y)?
-10
Let t(u) = u**2 - 10*u + 6. Let l = 102 + -97. Suppose l = 4*y - 19. Calculate t(y).
-18
Suppose 7*h = -h + 8. Let l be (3 - 3/h) + -3. Let m(d) = d**3 + 2*d**2 - 3*d - 3. Give m(l).
-3
Let t(o) be the second derivative of 0*o**3 + 0*o**2 + 1/6*o**4 + 0 - 1/40*o**5 - 1/720*o**6 + 4*o. Let k(r) be the third derivative of t(r). What is k(-6)?
3
Let d(v) = 8*v + 3 + 0 + 2*v**2 - 7 - v**2. Let z(a) = -a**2 - a. Let c be z(-3). Determine d(c).
-16
Let l(h) = -20*h + 14. Let i(f) = -7*f + 5. Let y(b) = 8*i(b) - 3*l(b). Let q = 8 - 26. Let u be q/12*(-4)/3. Give y(u).
6
Let w(m) = -10 + 3*m + 2 - 4 + 3. Calculate w(4).
3
Let y(r) = -r**3 + 7*r**2 - 2*r + 10. Let o(n) = n. Let i be o(7). Let t be y(i). Let q(z) = -4 + 3 - z + 2*z. Give q(t).
-5
Suppose -2*j = 3*j - 15. Let s(o) = 4*o + 6*o**2 - 35*o**j + o + 8 + 34*o**3. Calculate s(7).
-6
Suppose -197 + 44 = 3*f. Let r = f - -50. Let l(k) = 9*k**2 + 1. What is l(r)?
10
Let o(g) = 7*g**3 + 5*g**2 - 9*g - 6. Let v(q) = 6*q**3 + 4*q**2 - 7*q - 5. Let b(j) = 4*o(j) - 5*v(j). Let k = 0 + 1. Give b(k).
-2
Suppose -2*f + 35 = 3*f. Let q = -302 - -307. Let t(l)